 are the prime factors of h(41)?
2, 3, 103
Suppose 2*q - 2*z = 296, 7*z - 4*z + 15 = 0. Let g = -87 + q. List the prime factors of g.
2, 7
Let s(f) = -8*f + 5. Let p = -33 - -30. List the prime factors of s(p).
29
Let z = 4021 - 1674. What are the prime factors of z?
2347
Let j(d) = -d**3 - 3*d**2 + 9*d - 5. Let b be j(-5). Suppose -v + 199 - 69 = b. What are the prime factors of v?
2, 5, 13
Let k(d) = -d**3 + 8*d**2 - 6*d - 5. Let b be k(7). Suppose -42 - 46 = -a + 5*u, a + b*u = 88. List the prime factors of a.
2, 11
Let h = 1024 - 272. List the prime factors of h.
2, 47
Let q be -15 + ((8/4)/(-2))/1. Let z = q + 22. List the prime factors of z.
2, 3
Let u = 559 - 69. What are the prime factors of u?
2, 5, 7
Let m(p) = 3*p - 22*p - 5*p - 51 - p. What are the prime factors of m(-7)?
2, 31
Let p(m) = 88*m + 42. What are the prime factors of p(3)?
2, 3, 17
Let h = -15 - -13. Let z be ((-9)/h)/(6/8). Suppose z*p - 34 = 3*p - c, 0 = 3*p + 4*c - 28. List the prime factors of p.
2, 3
What are the prime factors of (2 + (-6 - -2) - 2) + 160?
2, 3, 13
Let m = -10 - -87. Let q = m + 1. What are the prime factors of q?
2, 3, 13
Let y(k) be the second derivative of -k**5/20 + k**4 - k**3 + k**2/2 - 8*k. List the prime factors of y(11).
2, 7
Let n = 9615 - 5972. What are the prime factors of n?
3643
Let l(c) = 133*c - 355. What are the prime factors of l(30)?
5, 727
Let p(k) = k**3 + 22*k**2 - 11*k - 12. What are the prime factors of p(8)?
2, 5, 7, 13
Suppose -2*r + 6 + 6 = 0. Let c(q) = -q + 3. Let s be c(r). List the prime factors of s/(-6) - 101/(-2).
3, 17
Let p be 45/30*44/6. Suppose y + r = p, 5*y = -2*r - 9 + 49. List the prime factors of y.
2, 3
Let n = -15 + 18. Suppose n*o + 30 = -3*f, -3*o - 23 = -o + 5*f. Let x = o - -13. List the prime factors of x.
2
Let d(g) = -g**3 - 8*g**2 - 11. Let q be 6/12 + (-57)/6. List the prime factors of d(q).
2, 5, 7
Let t(z) = -z**3 + 21*z**2 - 7*z - 17. Suppose 0 = -77*n + 67*n + 200. List the prime factors of t(n).
3
Let s be (-1894)/14 + (-16)/(-56). Let c = s + 194. What are the prime factors of c?
59
Suppose 15*v - 7447 - 2138 = 0. List the prime factors of v.
3, 71
Let n be (-5)/(-15) - 4/3. Let d = -51 - -51. List the prime factors of d - n - (-42)/2.
2, 11
Suppose -2*y + 5*a = -6, 4*a = 3*y + a - 9. Suppose 3*f - 166 = 4*i + 115, -383 = -4*f - y*i. What are the prime factors of f?
5, 19
Suppose 0 = -8*x + 3*x + 135. Let s = x - 25. Suppose s*n = -n + 174. List the prime factors of n.
2, 29
Suppose -741 = 9*q - 4755. List the prime factors of q.
2, 223
Suppose -29 + 73 = 2*w. Let o = w + 47. What are the prime factors of o?
3, 23
Let q(h) = -2*h**3 + 12*h**2 - 6*h. Let s be q(5). Suppose 405 = 3*a + w, -3*a - 3*w + 385 = -s. List the prime factors of a.
3, 5
Let o = -86 + 43. Let h = o + 83. What are the prime factors of h?
2, 5
Let f = 95 - 103. Let k(v) = v**3 + 10*v**2 - 3*v + 24. List the prime factors of k(f).
2, 11
Suppose -2*p - 56 = -2*u, 4 + 2 = 3*p. Suppose -130 = -5*c - u. Let l = c - 2. List the prime factors of l.
2, 3
Let i(y) = 252*y - 274. What are the prime factors of i(7)?
2, 5, 149
Let r be 1 - 3 - (8 + -11). Suppose 5*w - g - 635 = 0, 0 = g - r + 6. Suppose c = -4*o + w, -c + 2*c = -3*o + 94. What are the prime factors of o?
2
Let x = -215 + 254. What are the prime factors of x?
3, 13
Let r(n) = -2*n**3 + 4*n**2 + 4*n + 1. Let u be r(-2). Suppose -5*z - 2*p + 33 = -6, 3*p = -9. Let j = z + u. What are the prime factors of j?
2, 17
Let f be (-3)/4 + (-436)/16. Let u = f + 49. What are the prime factors of u?
3, 7
Let h(g) = -g**2 - 5*g + 9. Let d be h(-5). List the prime factors of ((-48)/d)/((-2)/3).
2
Suppose -v = 4*m - 2*m - 10, m - 2*v - 10 = 0. List the prime factors of (-9 + m)*(-74 + 3).
3, 71
Let p(h) = -8*h + 5. Let o(b) = -b - 1. Let i(r) = 6*o(r) + p(r). List the prime factors of i(-6).
83
List the prime factors of (4*(-7)/(-56))/((-4)/(-14552)).
17, 107
Let d = 118 + -58. Let y be ((-12)/36)/((-2)/d). Suppose 0 = 5*v - 225 + y. What are the prime factors of v?
43
List the prime factors of ((-7376)/28)/(5 + (-111)/21).
2, 461
Suppose -14*d = -15710 + 800. List the prime factors of d.
3, 5, 71
Let h = -13 + 13. Let x(a) = a**2 + a + 8. Let o be x(h). Suppose 60 = -3*j + o*j. List the prime factors of j.
2, 3
Let q(i) = -i**3 - 14*i**2 + 10*i - 12. Let h be q(-15). Suppose 5*s + 93 = 4*j, -h = -2*j - s - 2*s. Let r = -14 + j. What are the prime factors of r?
13
Let r(j) = j - 1. Let o(v) = 6*v - 7. Let z(c) = o(c) + 5*r(c). Suppose 2*k - 12 = -2. List the prime factors of z(k).
43
Suppose -5*v - 4*o = -5876, -3*v - 106*o + 111*o = -3496. What are the prime factors of v?
2, 293
Let i(c) = 25*c - 3 + 19 - 5. List the prime factors of i(3).
2, 43
Let z(d) = -20*d**3 + d**2 + 2*d + 1. Let x = 14 + -15. Let a be z(x). Let t = a - -4. What are the prime factors of t?
2, 3
Let k(u) = -u + 189. List the prime factors of k(-11).
2, 5
Let u(h) = -18*h + h**2 + 6 + 9*h + 2*h**2 + 11*h. List the prime factors of u(-7).
139
Let z(b) = -8*b + 4*b - 4 + 1 - 5. What are the prime factors of z(-18)?
2
Suppose 43*l + 6174 = 52*l. List the prime factors of l.
2, 7
List the prime factors of 28/196 - (-63810)/14.
2, 43, 53
Let k(h) be the second derivative of h**3/3 - 10*h**2 - 2*h. What are the prime factors of k(17)?
2, 7
Let a(q) = -2*q + 19. Let r be a(9). Let c = 2 + r. What are the prime factors of (c + (-4)/12)*21?
2, 7
Let h(x) = -247*x + 3. Let w be h(-1). Let q = w - 81. What are the prime factors of q?
13
Let h(y) = -11*y**3 - y**2 + y + 1. Let s be h(-1). Suppose -s*n = -9*n - 36. Let c = n + -3. What are the prime factors of c?
3, 11
Let k(w) = -5*w**3 - 7*w**2 + 10*w + 1. List the prime factors of k(-6).
769
Let q be (344 - 2) + 3*-1. Let i = 907 - q. What are the prime factors of i/26 - 8/(-52)?
2, 11
Suppose 2*g - q = -1925 + 5843, 5851 = 3*g + 5*q. List the prime factors of g.
19, 103
Let p(n) = 5*n**3 + 3*n**2 + 26*n - 78. List the prime factors of p(8).
2, 11, 131
Suppose -4*z + 5*z = -14. Let c be (-2)/(-4) - 21/z. Let l(h) = 9*h - 1. List the prime factors of l(c).
17
Suppose -3*w + 208 = 2*k, 3*k - 5*w - 438 = -k. List the prime factors of k.
107
Let t(r) = 2*r**3 + 8*r**2 + r + 3. Let c be t(-6). Let h = c - -229. What are the prime factors of h?
2, 41
Suppose z - 5*z + b + 399 = 0, -2*z - 2*b + 202 = 0. Let p = z - 30. List the prime factors of p.
2, 5, 7
Let f = 36 - 332. List the prime factors of 11/((-44)/f) + 0/(-1).
2, 37
Suppose 3*o - 8*o - 5*s = -4600, -5*o + 5*s + 4640 = 0. What are the prime factors of o?
2, 3, 7, 11
Let p = 0 + -4. What are the prime factors of (-1 - p - 3) + 11?
11
Suppose -3*u + r + 112 = -7*u, -2*r = -u - 37. Let h = 209 + u. What are the prime factors of h?
2, 3, 5
Let d(t) be the first derivative of t**5/20 - t**4/3 + t**3/2 + 7*t**2 + 10. Let n(z) be the second derivative of d(z). List the prime factors of n(6).
3, 7
List the prime factors of 3 - 11/1 - -1187.
3, 131
Let n(v) = -v**2 - 12*v + 1. Suppose -4*a - 4*j - 69 = j, -j - 5 = 0. Let x be n(a). What are the prime factors of (-62)/(-3) - 8/x?
2, 5
Let t = -613 - -889. Let o = t + -146. What are the prime factors of o?
2, 5, 13
Suppose -2*r - r = d - 1331, 0 = -2*d + 4*r + 2612. What are the prime factors of d?
2, 7, 47
Let d(v) = 2*v - 6. Let p be d(3). Suppose p = 3*i + 2*i - 60. Suppose -3*x + 2*o + i = 0, x + 0*x - 14 = 4*o. List the prime factors of x.
2
Let z(x) be the second derivative of -x**4/12 + x**3 - 15*x**2/2 - 5*x. Let g be z(7). What are the prime factors of 984/88 + 4/g?
11
Let l(w) = 16*w + 2. Let z be l(2). Suppose 24*a + 630 = z*a. What are the prime factors of a?
3, 7
Suppose 2*o - 4 + 8 = 0. Suppose 9 - 26 = -d. What are the prime factors of (-6)/o - (2 - d)?
2, 3
Let z(r) = r**2 - 6*r - 4. Let v be 220/6*3/2. Suppose -3*q + v = 3*j + 13, -3*j + 62 = 5*q. List the prime factors of z(q).
2, 3
Let p = 4482 + -1080. List the prime factors of p.
2, 3, 7
Let l(c) = 16*c**3 - 3*c**2 + 7*c - 3. List the prime factors of l(1).
17
Let x(i) = -23*i - 37. Suppose 49 = -5*l + 4. List the prime factors of x(l).
2, 5, 17
Suppose 0 = -2*l - l + 15. Suppose -l*d + 677 = -403. What are the prime factors of (-1)/(-5) + d/45?
5
Suppose -11 = -3*z + 4. Suppose -z*d = -3*d. Suppose 